Suppose c = -0*c + 1. Let a be f(c). What is the highest common factor of a and x?
1
Suppose -5*b = 14 + 31. Let x = 123 - b. What is the greatest common factor of 12 and x?
12
Suppose -2*r - 3 = -11. What is the greatest common factor of 8 and r?
4
Let l(z) = z**3 + 8*z**2 + 2*z - 4. Let w be l(-8). Let c be (w/(-6))/((-2)/(-6)). Suppose 0 = -3*b + 2*b + c. Calculate the highest common divisor of b and 15.
5
Let m = 55 + -31. Let y be 2 - -1 - m/(-8). Let k be ((-2)/4)/((-1)/36). What is the greatest common divisor of y and k?
6
Let c(l) = -7*l - 6. Let u be c(-6). Calculate the greatest common divisor of 4 and u.
4
Let q = -77 - -86. What is the greatest common divisor of 117 and q?
9
Let o be -5 + 8 + (-28)/(-2). What is the highest common factor of o and 119?
17
Let l = -185 + 290. Calculate the highest common factor of l and 21.
21
Let d = 58 + -56. Suppose 2*b = -3*b. Suppose -5*c + 29 + 11 = b. What is the greatest common divisor of c and d?
2
Let a(w) = w**2 - 7*w + 7. Let k be a(7). Suppose -2*m + 70 = 3*m. What is the highest common factor of k and m?
7
Suppose -4*j + 20 = 0, -113 = -3*h - 4*j + 123. Calculate the greatest common divisor of 48 and h.
24
Let z(o) = -o**2 - 7*o - 4. Let n be z(-4). Let r(u) = u**2 - u - 4. Let m be r(n). Let x = 14 - 1. Calculate the greatest common factor of m and x.
13
Suppose 5*i - 290 = 150. Suppose 53 = v + 20. Suppose -6*h + 3*h = -v. What is the greatest common factor of h and i?
11
Let i = -43 - 91. Let n = -54 - i. What is the greatest common divisor of 32 and n?
16
Suppose 4*f - 8*f = -104. Calculate the highest common divisor of f and 130.
26
Suppose -8 = -4*u + 56. Let t = 108 + -84. What is the greatest common divisor of t and u?
8
Suppose 4*p + 4*q + 119 = 291, -p - 5*q = -47. Suppose u + 2*u - p = 0. Calculate the greatest common divisor of u and 35.
7
Let z = 12 - 17. Let p = z - -7. Calculate the highest common divisor of 1 and p.
1
Suppose -7*z + 2*z + 17 = -n, 5*n = 2*z + 7. Suppose 0 = 3*t, -3*r + 0*r - n*t = -18. Let o = 39 - 21. Calculate the greatest common divisor of r and o.
6
Suppose 8*h + 4*l - 4 = 3*h, -4*l = 3*h - 4. Suppose -2*x + 6 = -h*x. Let g be 4*1 - (-6)/9*-3. What is the highest common factor of g and x?
1
Let v be -3*8/(-9)*(-75)/(-50). What is the greatest common divisor of v and 20?
4
Let h(m) = -m**3 + 8*m**2 + 12*m + 9. Let k be h(9). Calculate the greatest common divisor of 9 and k.
9
Suppose 0 = 3*h + 2*h + 130. Let a = -38 - h. Let q = -2 - a. What is the greatest common divisor of q and 4?
2
Let n be -1*20*3/(-24)*6. What is the highest common factor of n and 5?
5
Let y(q) = 4*q**3 - q**2 + 2*q - 3. Let z be y(2). Suppose -4*f + 43 = -z. Calculate the highest common divisor of f and 2.
2
Let b(p) = p**3 - 22*p**2 - 21*p - 20. Let h be b(23). Calculate the greatest common factor of 26 and h.
26
Let s(k) = -k**3 - 2*k**2 - 6*k. Let u be s(-4). Calculate the greatest common factor of u and 8.
8
Let l = -418 + 718. Calculate the greatest common divisor of l and 12.
12
Let p be 6/(-2 + (-1 - -2) + 2). Suppose -3*u - t = -73, -5*t + 2 + 3 = 0. What is the highest common factor of p and u?
6
Suppose -r = 4*r - 15. Suppose 22 = r*i - 29. Calculate the greatest common divisor of 102 and i.
17
Let v(a) = 2*a - 12. Let y be v(8). Let m be (-4)/3*(-66)/y. What is the highest common divisor of 198 and m?
22
Let z(u) = 5*u + 6. Let f be z(4). Let k be (-26)/(1 - -1)*-3. Calculate the highest common factor of k and f.
13
Let g = -14 + 22. Let f be ((-6)/(-4)*2)/1. Suppose -4*h + 5 + f = 0. What is the greatest common factor of g and h?
2
Let x(r) = r**3 - r**2 + r + 3. Let c be 0*(-1 - -3 - 3). Let t be x(c). What is the highest common factor of 15 and t?
3
Suppose -7 = -z + 3*a, 4*z + 4*a + 17 = a. Let q be (2 + -4)*11/z. What is the greatest common divisor of 22 and q?
11
Let q = -20 + 29. Suppose q = -d - 45. Let t = d + 108. What is the greatest common factor of 36 and t?
18
Let h be (-8 + 4)/((-1)/40). Calculate the highest common divisor of 20 and h.
20
Let d be 50/(-20)*8/(-10). What is the highest common factor of d and 8?
2
Let r(f) = f**3 + 7*f**2 - 7*f - 11. Let m be r(-8). Let v = m - -11. Let g(a) = -a + 2. Let q be g(v). What is the highest common divisor of q and 20?
10
Let r be -2*(6/(-4))/3. Suppose 3*v + 4 = 34. What is the greatest common factor of v and r?
1
Suppose -2*b + 486 = x - 5*x, 2*b - 495 = x. Let m = b - 51. What is the greatest common divisor of m and 18?
18
Let x be 169/2 - 1/(-2). Let g be -6 + 1 - 0/1. Let s(c) = -2*c + 7. Let v be s(g). What is the highest common factor of v and x?
17
Let w = -29 - -50. Let g be 0 - -192 - (-3)/(-1). What is the greatest common divisor of w and g?
21
Let v(p) = -p**3 + 8*p**2 - 8*p - 6. Let q be v(6). What is the highest common factor of q and 6?
6
Suppose f - 14 = -5*r - 4, 4*r + 4*f - 8 = 0. Let s be 4/8 - (-111)/r. Suppose -8*y + 35 = -3*y. Calculate the highest common factor of y and s.
7
Let l = 0 - 4. Let i = -2 - l. Suppose -i*m - 2*o + 21 = -o, 4*m - 57 = -5*o. Calculate the highest common factor of m and 2.
2
Let r be ((-12)/(-3))/2 - -1. Let u be 206/10 + (-8)/(-20). Calculate the greatest common factor of u and r.
3
Let o(i) = 1 - 13 - 24*i + 26*i. Let x be o(12). What is the highest common divisor of x and 48?
12
Let d = 142 + -107. Calculate the highest common divisor of d and 35.
35
Let k(d) = 7*d**2 - 2*d - 1. Let u be 0 + 0 + 10/5. Let q be k(u). Let c = q + -16. What is the highest common factor of 14 and c?
7
Let r = 35 + -26. Calculate the greatest common factor of 1 and r.
1
Suppose -2*z - 3*u = -0*z + 2, -2*z = u - 2. Suppose -i - z*q + q + 5 = 0, 0 = q. Let o be (0 - -3)/(3/20). Calculate the greatest common divisor of o and i.
5
Let m be 3/((-9)/28)*-6. Let p = 104 + -97. Calculate the highest common divisor of m and p.
7
Let l be 10*(-3)/(-6) + -2. Suppose 2*g - 7 - 7 = 0. Suppose 2*d = -4*j + 2, g*d = 2*j + 2*d - 31. Calculate the greatest common divisor of l and j.
3
Suppose 10*p + 8*p - 1008 = 0. What is the highest common divisor of 7 and p?
7
Let x be (0 - (5 + -1))*-1. Suppose 0 = 3*r - r + x*w - 184, -5*w + 95 = r. Suppose 0 = -2*t + 4*t - 18. What is the highest common divisor of r and t?
9
Let s be 28/6 + (-6)/9. Suppose -2*d - 2*l + 14 = -s, d - l - 5 = 0. Let y(c) = 17*c + 9. Let g be y(d). What is the highest common factor of 16 and g?
16
Let t be (12/(-4))/((-3)/14). Let q = 23 - t. Suppose 5*a = 5*l + 26 + 4, 4*l + q = -a. Calculate the greatest common factor of 3 and a.
3
Suppose -3*p + 93 = -33. Suppose 0 = 79*o - 77*o - 28. Calculate the highest common divisor of o and p.
14
Let u(v) = -3*v + 161. Let j be u(0). Calculate the highest common divisor of j and 46.
23
Let g(s) = 2*s + 8. Let b be g(7). Let x be -2 - 1*(2 - 3). Let m be 33/(x + (-33)/(-24)). Calculate the greatest common divisor of b and m.
22
Let d = -2 - -6. Suppose -d*z + 2*u + 32 = 0, 5*z - u + 5 = 45. Calculate the highest common factor of 2 and z.
2
Let b = 11 - 6. What is the greatest common divisor of 5 and b?
5
Let g be 2/(-11) + 20/(-11). Let h be g/(-2 - 24/(-13)). Calculate the highest common factor of h and 104.
13
Let s = 89 - 88. What is the highest common divisor of s and 6?
1
Let l(q) = 2*q**2 - 27*q + 9. Let n be l(14). Calculate the highest common divisor of 23 and n.
23
Let d be (-440)/16*(-4)/5. What is the greatest common divisor of 88 and d?
22
Suppose -6*w + 128 = -2*w. Let k = w + -21. What is the highest common factor of k and 11?
11
Let y = -10 + 17. Let z(b) = -b**2 + 11*b - 11. Let n be z(9). Calculate the highest common factor of n and y.
7
Suppose 3*c + 2 = -n, 2*n + 4*c - 30 = 3*n. Let s be (n/(-1) + -3)*1. Calculate the greatest common divisor of 44 and s.
11
Let f = -46 - -161. Suppose 6*z - z = -10, -l - 5*z + 218 = 0. Suppose -q = -b - 0*b - 48, 5*q + b = l. Calculate the highest common divisor of q and f.
23
Let i = 7 - 9. Let j be ((-550)/(-15))/(i/(-3)). What is the greatest common factor of j and 5?
5
Suppose 8 = 3*r + 2*j - j, 5*r - 12 = -2*j. Suppose -2*o + r*o + 178 = 0. Let l = o + 154. Calculate the greatest common divisor of l and 26.
13
Let y = 6 - -3. Suppose -18 = -3*k + y. Let o be -5*(-5)/((-25)/(-18)). Calculate the greatest common factor of k an